 Calculate the highest common divisor of 208 and w.
52
Let x be 204/9*(522/(-12) + 9)/(-2). What is the highest common divisor of 85 and x?
17
Let t be 530/3180 - (-2)/12*431. What is the greatest common divisor of 117 and t?
9
Let y = 3939 + -3927. Calculate the greatest common divisor of 6612 and y.
12
Suppose 0 = 2*t - 5*i - 30, -21*t = -23*t - 3*i + 14. Let v(j) = -47*j**3 - 3*j**2 - 2*j + 2. Let s be v(-2). What is the highest common divisor of s and t?
10
Suppose 20*s - 1127 - 413 = 0. Suppose 129*f = 136*f - s. Calculate the highest common factor of 121 and f.
11
Suppose 66644 = 9*q - 308229 + 38354. Calculate the highest common factor of 269 and q.
269
Let y = 10 - 7. Suppose -4*j = -3*z + 42, 4*j - 48 = y*z - 5*z. Suppose b = -b + z. Calculate the highest common divisor of 3 and b.
3
Let d(q) = -11*q - 78. Let l be d(-7). Let m be l + (20 - 2) - (9 - 5). Suppose -2*g + 1 + 25 = 0. What is the greatest common factor of m and g?
13
Let n(i) = 14*i**2 - 182*i - 1147. Let b be n(-6). Calculate the greatest common divisor of 3 and b.
1
Let r(z) = -18*z - 91. Let y be r(-6). Let h be (3 + 657/(-12))*4. Let m = -88 - h. Calculate the highest common divisor of m and y.
17
Let r(a) = 23*a - 90. Let j be r(4). Let h be (-3 - 0) + 14 + (-1 - j). What is the highest common divisor of 1 and h?
1
Let f(h) = -h**2 + 2 + 4*h**2 + 3 + 2*h - 7*h**3 + 8*h**3. Let d be f(-6). Let t = d - -172. Calculate the greatest common divisor of t and 57.
57
Let a be 54/(-45) + 120609/45. What is the greatest common divisor of 171 and a?
57
Let s be (1304/16)/((-2)/4). Let k = s + 194. Calculate the highest common divisor of 1 and k.
1
Suppose -b = -4*v, -320*v - 100 = -4*b - 324*v. What is the highest common factor of b and 126?
2
Let o be 20/(-8)*(-44)/(-10)*-3. Let p be 176/2*213/426. Calculate the highest common divisor of p and o.
11
Let c be -3 - (-45)/12 - (-23219)/124. What is the greatest common divisor of c and 4042?
94
Suppose -3*n + 17*f - 14*f + 144 = 0, 2*n - 4*f - 88 = 0. Calculate the greatest common divisor of 20 and n.
4
Let l be (-1 + 2/(-1) + 2)*-131. Suppose -3*s - l = -6*s + 2*q, -3*q - 3 = 0. Suppose -s*x + 42*x = -24. Calculate the highest common factor of 32 and x.
8
Suppose -4*p = 5*a - 521, 38*p - 36*p = -2*a + 206. Calculate the highest common divisor of 6104 and a.
109
Suppose -9*h - h = -120. Suppose -2*c + 5*l + 30 = 0, -7*c - l - 75 = -h*c. Let p be 3711/c + (-6)/15. What is the greatest common divisor of p and 13?
13
Suppose 2*w = -0*w + 26. Let q = 26497 + -26276. Calculate the greatest common factor of w and q.
13
Suppose -2*z - v = 4*v - 25, -2*z + 2*v = 10. Suppose 0 = -2*a + 2*h + 2 + 40, -5*h = z. Calculate the highest common factor of a and 21.
21
Let r(y) = 10*y**3 + 5*y**2 + y - 1. Let z be r(-2). Let q = -8 + z. Let l = 72 + q. What is the highest common divisor of 1 and l?
1
Let i(c) = c**3 - c**2 - 9*c - 9. Let p be i(4). Suppose -d + 1 + 2 = 0, -p*z - d + 168 = 0. Calculate the highest common factor of z and 143.
11
Let u(s) = 4*s**2 + 91*s + 31. Let q be u(-23). Let x be ((-32)/1)/((-1)/27). What is the greatest common factor of q and x?
54
Let h(b) = 2*b**2 + 8*b + 5. Let r be h(-8). Let c = -45 + r. What is the highest common factor of 408 and c?
24
Let s = 1260 - 261. Calculate the highest common factor of 36 and s.
9
Let h = 367 - 323. Suppose 3*c - 8*c - 4*d = -44, c = 4*d + 28. Let f = c - 8. What is the greatest common factor of h and f?
4
Suppose 2*n + 6*p - 4*p - 570 = 0, -8*n + 2298 = 5*p. Calculate the highest common factor of 12 and n.
3
Suppose 0 = 2*q - 3*w - 55, -2*q - 83 = -5*q + 4*w. Suppose -20 = 214*p - 234. What is the greatest common divisor of q and p?
1
Let l be ((-29)/29)/((-2)/1638). What is the greatest common factor of l and 117?
117
Suppose -17 = -2*j + 143. Let i = 391 - 148. Let a = -223 + i. What is the greatest common divisor of j and a?
20
Let r be 17/119 + (-2802)/14. Let f be (-93)/(-8) + (-75)/r. What is the greatest common divisor of f and 6?
6
Let s = 136 + -132. Suppose 2*v - 4*o = 56, 0 = 4*v - s*o - 51 - 53. What is the greatest common divisor of 72 and v?
24
Let q be 11 - 1/(8/40) - 286/(-13). What is the highest common factor of q and 7588?
28
Suppose -a + 2*q = -153 - 113, 4*a = 4*q + 1032. Calculate the highest common factor of 600 and a.
50
Suppose -f + 0*f = 0, -5*q = 4*f - 4270. What is the highest common factor of 28 and q?
14
Let t = -544 + 544. Suppose 2*x - 3*d + 7*d - 104 = t, 0 = -3*x - 4*d + 146. What is the greatest common factor of x and 48?
6
Suppose -11 = 15*a - 16*a. Suppose -3*p = -0*p + 156. Let s be (-11*p/8)/(1/2). What is the greatest common factor of a and s?
11
Let a(y) = y**2 - 24*y + 160. Let p be a(-21). Calculate the highest common factor of p and 340.
85
Suppose 313 = 4*i + 5*h, -88 = -i + 4*h - 2*h. Let n = i + -69. What is the highest common factor of n and 130?
13
Let b be (-63)/(-21) - (-6571 - -1). Calculate the highest common factor of b and 21.
21
Let y(k) = k**3 - 10*k**2 - 9*k - 6. Suppose -6*c = -12*c + 264. Let u = -33 + c. Let f be y(u). Calculate the highest common factor of 2 and f.
2
Let z(d) = d**3 - 2*d**2 - 4*d - 2. Let q be z(4). Let l be q/4*76/133. Suppose -l*p + 74 - 14 = 0. What is the greatest common factor of 12 and p?
6
Let l be (-1 - -4)/((-105)/(-455)). Suppose -21 = l*r - 359. Let f(t) = -25*t + 1. Let y be f(-1). What is the greatest common divisor of y and r?
26
Suppose -5*w - 5*l - 9 = 16, 21 = -4*w - 5*l. Let g = w + 35. Suppose -166 = -5*q - g. What is the greatest common divisor of 3 and q?
3
Let a = -53 + 81. Suppose a*h = 36*h + 312. Let u be (-104)/h*54/8. Calculate the greatest common divisor of u and 198.
18
Suppose 5*y = -1 + 11. Suppose -3*n = -y*c + 2*n + 65, -2*c - 5*n + 115 = 0. Let s = 597 - 237. What is the greatest common divisor of c and s?
45
Let r(w) = -8*w**2 - 4*w + 44. Let t be r(-11). Let x be ((-54)/5)/(32/t). Calculate the highest common divisor of x and 108.
27
Let i = -341 + 849. Suppose -r + 248 = -4*w, -2*r + 39*w + i = 34*w. Let c = 54 + -21. Calculate the greatest common divisor of r and c.
33
Suppose 3*r - 14 + 8 = 0. Let d(a) = 75*a**3 - 3 - 16*a - 17 + 21*a**r - 76*a**3. Let s be d(20). Calculate the greatest common divisor of 24 and s.
12
Let d = -311 - -211. Let f = d - -116. Calculate the greatest common factor of 56 and f.
8
Let w(u) = -76*u**3 - 10*u**2 - 10*u - 40. Let d be w(-4). What is the greatest common divisor of 16 and d?
16
Suppose 97 = -11*i + 790. Suppose 2*o + 25 - i = 0. Calculate the greatest common divisor of o and 361.
19
Let b be (-3 + 2)*-21*(-12)/(-18). Suppose -8*w = -b*w + 126. Suppose -4*p + 517 = 97. What is the highest common factor of w and p?
21
Suppose 42 = v - 83. Let y = v + 1. Suppose -76*r = -164*r + 1584. What is the greatest common factor of y and r?
18
Let m be 2/2*-223*-5. Suppose 5*j + 5*y = m, y - 3*y = 4. Let f = 2736 + -2711. What is the highest common divisor of f and j?
25
Suppose -z + 4 = 1. Suppose -2*m = -2*n + 614, m = 3*m + 3*n + 619. Let f = m - -341. Calculate the greatest common factor of f and z.
3
Let v = -9097 + 15199. What is the highest common factor of 226 and v?
226
Suppose 0 = 3*m + m - 20, x - 23 = -4*m. Let o be (-5656)/35 + -6 + (-3)/(-5). Let b = o - -179. What is the highest common factor of x and b?
3
Let b = 51187 + -51148. Suppose -1328 = -2*z + 2*s, 2*z + 3*s + 1329 = 4*z. What is the highest common divisor of b and z?
39
Suppose -13 + 5 - 8 = -8*w. What is the greatest common divisor of 77 and w?
1
Suppose -5*q = -2*q - 36. Suppose 25*o - q*o - 1703 = 0. Let x = o - 124. Calculate the highest common divisor of 49 and x.
7
Let s(c) = 132*c**2 + 1573*c - 116. Let n be s(-12). Let x = 1588 - 452. Calculate the highest common factor of x and n.
16
Let a = -100 + 102. Suppose 2*f - 10 = -3*h + 4, -a*f - 5*h = -22. Let r be (-1)/f*(6 - (18 + -5)). Calculate the highest common factor of 112 and r.
7
Suppose 2*t = -t - 3. Let o be (3 + -10)/t - -1. Let p be (12/3)/(-11*1/(-242)). What is the highest common factor of p and o?
8
Let o = 7760 - 7732. Suppose 2*y + 0*h + 5*h - 83 = 0, 5*h + 93 = 2*y. What is the greatest common factor of o and y?
4
Let p(x) = 11*x - 17. Let o be p(2). Suppose o*s = 7*s - 32. Calculate th